ultiple of 8?
True
Is 10433556 a multiple of 37?
True
Does 72 divide 355464?
True
Is 75392 a multiple of 2?
True
Does 8 divide 127472?
True
Is 1347539 a multiple of 17?
True
Does 42 divide 100422?
True
Is 4259800 a multiple of 76?
True
Is 4 a factor of 195697?
False
Does 11 divide 1106226?
True
Is 91 a factor of 273637?
True
Does 97 divide 2937413?
False
Is 53 a factor of 1397043?
False
Is 594259 a multiple of 673?
True
Is 311 a factor of 159543?
True
Is 485333 a multiple of 17?
True
Does 14 divide 23588?
False
Does 11 divide 217657?
True
Is 19 a factor of 34007?
False
Is 66768 a multiple of 428?
True
Does 17 divide 315163?
True
Is 8717114 a multiple of 212?
False
Does 241 divide 208947?
True
Does 9 divide 2309148?
True
Does 44 divide 55300?
False
Is 248 a factor of 944615?
False
Is 133 a factor of 618450?
True
Is 2080797 a multiple of 256?
False
Is 36 a factor of 289620?
True
Is 15 a factor of 47700?
True
Does 132 divide 18637?
False
Does 11 divide 26577198?
False
Does 128 divide 411136?
True
Is 6068152 a multiple of 250?
False
Is 1769181 a multiple of 425?
False
Is 55 a factor of 134955?
False
Does 7 divide 380373?
True
Is 246 a factor of 2788902?
True
Is 19 a factor of 346750?
True
Is 44 a factor of 677612?
False
Is 105 a factor of 425670?
True
Does 238 divide 88792?
False
Does 19 divide 1179075?
False
Is 130403 a multiple of 13?
True
Is 742685 a multiple of 19?
False
Is 62 a factor of 152701?
False
Does 17 divide 3208?
False
Is 107 a factor of 223003?
False
Does 4 divide 1922112?
True
Does 228 divide 63571?
False
Does 1782 divide 17153532?
True
Is 2 a factor of 4673693?
False
Is 71 a factor of 1491426?
True
Is 215 a factor of 1459205?
True
Does 23 divide 2879209?
True
Is 1679500 a multiple of 50?
True
Does 31 divide 47120?
True
Is 1008 a factor of 3090528?
True
Is 116990 a multiple of 39?
False
Is 448763 a multiple of 60?
False
Is 171549 a multiple of 147?
True
Is 73 a factor of 561662?
True
Is 229 a factor of 16764166?
False
Does 107 divide 494233?
True
Does 12 divide 155619?
False
Is 115002 a multiple of 18?
True
Is 43 a factor of 562853?
False
Is 1018468 a multiple of 44?
True
Is 18702 a multiple of 131?
False
Is 24 a factor of 72096?
True
Is 621 a factor of 878094?
True
Does 67 divide 113137?
False
Is 3070439 a multiple of 4?
False
Is 5621864 a multiple of 5?
False
Does 4 divide 354095?
False
Is 6 a factor of 44826?
True
Is 301 a factor of 738351?
False
Is 212023 a multiple of 49?
True
Is 220 a factor of 25629?
False
Is 797643 a multiple of 99?
True
Does 31 divide 4851393?
False
Is 135 a factor of 320774?
False
Does 189 divide 42414?
False
Is 2 a factor of 12252?
True
Is 684113 a multiple of 24?
False
Does 26 divide 503608?
False
Does 72 divide 28512?
True
Does 20 divide 1914606?
False
Is 649 a factor of 53213?
False
Is 5800340 a multiple of 318?
False
Is 44214 a multiple of 159?
False
Is 2336312 a multiple of 15?
False
Does 12 divide 165038?
False
Is 33 a factor of 10149018?
True
Is 2842749 a multiple of 1183?
True
Does 8 divide 528532?
False
Is 94 a factor of 2040364?
True
Does 33 divide 2241855?
True
Is 179 a factor of 2241992?
False
Does 872 divide 1011520?
True
Does 21 divide 3969?
True
Is 1715343 a multiple of 49?
True
Does 14 divide 6609412?
False
Is 63 a factor of 35532?
True
Does 156 divide 55453?
False
Is 24456563 a multiple of 16?
False
Does 98 divide 2100826?
True
Is 114 a factor of 12363180?
False
Does 2 divide 310764?
True
Does 262 divide 6812?
True
Is 1584931 a multiple of 49?
False
Is 26 a factor of 2421855?
False
Does 914 divide 504963?
False
Does 38 divide 188217?
False
Does 52 divide 577341?
False
Is 7 a factor of 76566?
True
Does 215 divide 2520015?
True
Is 300 a factor of 157500?
True
Is 7 a factor of 465479?
True
Is 86 a factor of 274833?
False
Does 3 divide 112494?
True
Does 52 divide 260000?
True
Does 96 divide 162528?
True
Does 2 divide 33817?
False
Does 378 divide 204748?
False
Is 3 a factor of 543221?
False
Is 308800 a multiple of 10?
True
Is 54 a factor of 1119636?
True
Does 18 divide 2826?
True
Is 161120 a multiple of 95?
True
Does 1242 divide 12162496?
False
Is 4840155 a multiple of 555?
True
Does 137 divide 323046?
True
Is 218 a factor of 189718?
False
Is 1706205 a multiple of 8?
False
Does 38 divide 186352?
True
Is 4 a factor of 191556?
True
Is 12267681 a multiple of 44?
False
Is 41 a factor of 781373?
False
Is 85520 a multiple of 20?
True
Is 37 a factor of 1017910?
False
Is 4 a factor of 117708?
True
Is 1501 a factor of 1121351?
False
Does 677 divide 10867002?
False
Is 74 a factor of 823398?
True
Is 30896 a multiple of 16?
True
Does 52 divide 642252?
True
Is 551833 a multiple of 63?
False
Does 95 divide 90334?
False
Is 3588874 a multiple of 116?
False
Does 64 divide 17254272?
True
Is 50 a factor of 113850?
True
Is 5091185 a multiple of 1418?
False
Is 119190 a multiple of 19?
False
Is 35334 a multiple of 13?
True
Is 140497 a multiple of 6?
False
Is 32655 a multiple of 105?
True
Is 111 a factor of 9990127?
False
Is 636884 a multiple of 356?
True
Is 127339 a multiple of 29?
True
Is 1421796 a multiple of 12?
True
Does 2 divide 152834?
True
Is 133 a factor of 409773?
True
Is 17 a factor of 30484?
False
Is 1150500 a multiple of 590?
True
Is 88 a factor of 24986857?
False
Is 2 a factor of 31346?
True
Is 226 a factor of 613195?
False
Is 1426 a factor of 16411834?
True
Is 97 a factor of 872515?
True
Does 49 divide 2930532?
False
Does 13 divide 609804?
True
Does 37 divide 698464?
False
Does 2 divide 247239?
False
Does 4 divide 59360?
True
Is 7 a factor of 13258?
True
Is 556 a factor of 106880?
False
Is 274441 a multiple of 7?
False
Is 33 a factor of 58542?
True
Is 983385 a multiple of 39?
True
Does 40 divide 59920?
True
Is 97 a factor of 882770?
False
Does 6 divide 4272?
True
Is 10 a factor of 177620?
True
Is 26 a factor of 2475123?
False
Is 19 a factor of 92017?
True
Is 268 a factor of 1885112?
True
Is 225 a factor of 188550?
True
Is 68094 a multiple of 234?
True
Does 21 divide 7684320?
True
Is 273867 a multiple of 7?
False
Does 124 divide 1614535?
False
Is 14 a factor of 5024082?
True
Does 188 divide 104904?
True
Does 10 divide 3830038?
False
Is 9061328 a multiple of 82?
True
Is 9437213 a multiple of 83?
False
Does 29 divide 1269331?
False
Does 531 divide 24426?
True
Is 2834635 a multiple of 397?
False
Is 68 a factor of 435744?
True
Is 84804 a multiple of 51?
False
Is 11 a factor of 1391004?
False
Is 299160 a multiple of 40?
True
Is 106 a factor of 354193?
False
Does 87 divide 4023870?
False
Does 16 divide 83641?
False
Is 244667 a multiple of 41?
False
Is 18 a factor of 408096?
True
Is 5711862 a multiple of 393?
True
Is 9269008 a multiple of 1549?
False
Is 1864520 a multiple of 28?
True
Does 36 divide 830190?
False
Does 492 divide 9578748?
True
Does 7 divide 519169?
True
Is 346176 a multiple of 144?
True
Is 250 a factor of 102750?
True
Does 834 divide 12600386?
False
Does 1540 divide 15674120?
True
Is 59 a factor of 99158?
False
Is 1029935 a multiple of 39?
False
Does 2 divide 2474?
True
Does 174 divide 141801?
False
Is 14 a factor of 4517923?
False
Is 30171 a multiple of 5?
False
Is 1326405 a multiple of 219?
False
Is 860883 a multiple of 288?
False
Is 9 a factor of 22266?
True
Is 8730900 a multiple of 1962?
True
Does 1273 divide 1067242?
False
Is 327066 a multiple of 302?
True
Does 10 divide 2118289?
False
Does 47 divide 242421?
False
Is 8808192 a multiple of 32?
True
Is 25 a factor of 929869?
False
Is 13575 a multiple of 29?
False
Is 2 a factor of 528613?
False
Is 1370320 a multiple of 154?
False
Does 7 divide 101486?
True
Does 10 divide 66488?
False
Is 337 a factor of 42462?
True
Is 67 a factor of 806144?
True
Is 375690 a multiple of 28?
False
Does 16 divide 225232?
True
Does 156 divide 126254?
False
Does 88 divide 309880?
False
Is 14 a factor of 1660036?
True
Is 726107 a multiple of 210?
False
Is 156 a factor of 456298?
False
Is 285525 a multiple of 135?
True
Does 7 divide 618282?
True
Does 708 divide 945180?
True
Does 55 divide 88352?
False
Is 18 a factor of 2505862?
False
Is 63 a factor of 91828?
False
Is 6718446 a multiple of 117?
False
Is 66 a factor of 30030?
True
Is 49800 a multiple of 166?
True
Does 646 divide 88502?
True
Is 60 a factor of 2181967?
False
Is 73337 a multiple of 59?
True
Is 42 a 